mainder when c is divided by o.
1
What is the remainder when 120 is divided by 4/2 + -18 + 48?
24
Let i(y) = y**2 - 11*y + 42. Let d = 2 - 0. Calculate the remainder when i(3) is divided by -2 - (d + -6 - 2).
2
Let q(f) be the second derivative of 4*f**3/3 + 2*f. Calculate the remainder when 23 is divided by q(1).
7
Let i = 23 + -11. Suppose 4*z - w = 45, -2*z - 3*z = -5*w - 75. Suppose -2*s - j = -z, 54 - 17 = 3*s - 4*j. Calculate the remainder when i is divided by s.
5
Suppose 19*i - 8 = 17*i. Calculate the remainder when 23 is divided by 4 - i - 21/(-3).
2
Let p(b) = -b**2 + 2*b + 12. Let z(n) = 3*n + 5. Let v be z(0). Let w be p(v). Calculate the remainder when (w - (-38)/(-1))/(-1) is divided by 21.
20
Let s(f) = f + 2. Let b be s(0). Suppose -37 + 11 = -b*m. What is the remainder when -8 + (-5)/(25/(-215)) is divided by m?
9
Let w(t) = -t + 14. Let n(v) = -6*v + 9. Calculate the remainder when n(-1) is divided by w(8).
3
Suppose -1360 = 5*h - 39*h. What is the remainder when h is divided by 19?
2
Suppose -4*q - 164 = -4*c, -5*c + 2*q + 162 = -40. What is the remainder when (-185)/((-8)/c + 8/(-10)) is divided by 47?
44
Suppose 50 = 5*t - 12*p + 16*p, -2*t + 2*p = -2. Suppose -3*n = 2*z - 13, 0 = z + 2*z - n - 25. Calculate the remainder when z is divided by t.
2
Let b(w) = -w**3 + 3*w + 5*w - 3*w + 6*w + 9*w**2 - 4. Let s(t) = -5*t. What is the remainder when s(-3) is divided by b(10)?
3
Suppose -27 = -i + 4*i. Let z = i - -14. Suppose -z*o - 2*m = m - 61, -4*o = -3*m - 38. What is the remainder when 32 is divided by o?
10
Let y be 177/12 + (-2)/(-8). Suppose 0 = p - h - 31, 0 = -7*p + 3*p + 5*h + 122. What is the remainder when p is divided by y/(3 - 2) + 2?
16
Suppose -2*u + 65 = -47. Calculate the remainder when 221 is divided by u.
53
Let m = 44 + -24. Suppose 0 = -3*j + 10 + m. Calculate the remainder when j is divided by 4.
2
What is the remainder when (-6545)/(-49) + 2 - 8/14 is divided by 33?
3
What is the remainder when (-2 + 4)/(7*2/1484) is divided by 31?
26
Let f be (-2)/8 - (-5)/(-20)*-1. Suppose -48 = -3*u - f*u + 3*o, 0 = 5*u - 3*o - 84. Calculate the remainder when 35 is divided by u.
17
Let g = 14 - -1. Let j(l) = 6*l + 160. Calculate the remainder when j(-17) is divided by g.
13
Let r(d) = -3*d**2 + 12*d**2 - 11*d**2 + d + 17*d**3. What is the remainder when r(1) is divided by 12?
4
Let f(w) = 3*w - 6. Let a be f(4). Suppose -c + 9 = -a. What is the remainder when 79 is divided by ((-56)/(-21))/(2/c)?
19
Let s(k) = -k**3 + 13*k**2 + k + 18. What is the remainder when s(13) is divided by 2 - (0 - -2) - -16?
15
Let b(d) = -6*d - 3. Let n(w) = -w**2 - 5*w + 4. Let o be n(-6). Let q be b(o). Suppose 20 = q*k - 5*k. Calculate the remainder when 17 is divided by k.
2
Suppose 4*r - 4*y - 14 = r, -3*r = 2*y - 2. Suppose r*z - 4*z - 3*p + 231 = 0, 0 = -z + p + 113. Calculate the remainder when 56 is divided by z/6 + 0/1.
18
Let s(r) = -13*r + 149. What is the remainder when 508 is divided by s(9)?
28
Suppose -49 = -2*c + n, n = 2*c + 6*n - 31. Calculate the remainder when c is divided by 10.
3
Suppose 21*h = 26*h - 450. What is the remainder when h is divided by 19?
14
Suppose 2*r + r - 30 = 0. Suppose -r*h + 8*h = -14. Let l(j) = j**3 + 3*j**2 + 16*j + 31. What is the remainder when h is divided by l(-2)?
1
Let y(x) = 54*x**3 + 1. Let j = 30 + -43. Let a(o) = -o + 6. Calculate the remainder when y(1) is divided by a(j).
17
Let f(b) = 13*b - 214. What is the remainder when 74 is divided by f(17)?
4
Suppose 0 = 4*d + 4*o - 636, -4*o + 285 = -4*d + 905. What is the remainder when d is divided by 46?
19
Let o(c) = 46*c**2 + 4*c - 15 + 2*c**3 - 31*c**2 - c**3 - 22*c**2. What is the remainder when 36 is divided by o(7)?
10
Let b(h) = -32*h**3 + h + 1. What is the remainder when 42 is divided by b(-1)?
10
Let l(n) = -9*n + 2. Suppose -7 + 71 = 2*u. Let i be (-24)/u + 2/(-8). What is the remainder when 42 is divided by l(i)?
9
Let z(g) = -g + 24. Let q be z(11). Let h(x) = -x**3 + 13*x**2 + x + 6. What is the remainder when 65 is divided by h(q)?
8
What is the remainder when (-6)/(-21) + 4218/133 is divided by 9?
5
Let y be 0 + (-3)/((-6)/(-148)). Let g = -27 - y. Let c = -687 - -699. What is the remainder when g is divided by c?
11
Suppose -5*o - 2 + 3 = -2*i, -4*i + 58 = 2*o. What is the remainder when 13 is divided by i?
1
Let m(g) = -g**2 + 16*g - 25. Let x be m(14). Suppose 0 = -4*s, -30 = -6*d + x*d + 4*s. What is the remainder when 2 + -2 - (2 - 38) is divided by d?
6
Let t(w) be the first derivative of 4*w**3/3 + w**2 - 1. Calculate the remainder when 70 is divided by t(2).
10
Calculate the remainder when (-34)/(-4)*14/14*24 is divided by 64.
12
Let y(m) = -m + 24. Calculate the remainder when (232/(-32) - -6) + 1124/16 is divided by y(0).
21
Let n(t) = -t**3 - 4*t**2 - 8*t - 13. Calculate the remainder when 189 is divided by n(-4).
18
Let s(p) be the second derivative of -4*p**3/3 + 8*p**2 - 6*p. What is the remainder when s(-7) is divided by 25?
22
Suppose -12 = -5*k + 8. Suppose 2*m = -l + 29, -2 = k*l - 6. What is the remainder when (-218)/(-8) - (-2)/(-8) is divided by m?
13
Suppose -3*l = 15*o - 19*o - 786, 4*l - o = 1035. Calculate the remainder when l is divided by 52.
50
Suppose 2*w + 110 = 7*w. Let r(y) = 20*y + 61. Let p be r(-8). What is the remainder when w/p - (-614)/9 is divided by 14?
12
Let k(j) = j**3 + 3*j**2 - j + 7. Calculate the remainder when k(2) is divided by 13.
12
Let f(v) = v**2 + 25*v - 48. Let x be f(-27). Calculate the remainder when 15 is divided by (x/(-10))/((-12)/60).
0
Suppose l - 19 = -0*l. Suppose 4*q = 27 - 15. What is the remainder when l is divided by (2/q)/(6/90)?
9
Suppose -7*c - 56 = -140. Let m(d) = 22*d**2 + 2*d - 1. What is the remainder when m(1) is divided by c?
11
Suppose 85 = 2*x + 2*o - 71, 0 = -4*x - 3*o + 311. Suppose 5*a - 114 = 16. What is the remainder when x is divided by a?
25
Let r = 31 + -26. Suppose 5*d = -r*g + 2*d + 1150, 0 = -5*d. Calculate the remainder when g is divided by 58.
56
Let l(s) = -5*s**3 + 2*s**2 - 2*s - 2. Calculate the remainder when 0 - 10/(-8) - (-303747)/1236 is divided by l(-2).
47
Let x(h) = 4*h**3 + 29*h**2 + 2*h - 6. Calculate the remainder when -1*(-3 - -2 - 56) is divided by x(-7).
28
Let n = 4 - 6. Let u be n*(-1)/(-2) - -5. Suppose -k - 2*k + 9 = 5*m, 4*m = u*k - 12. What is the remainder when 5 is divided by k?
2
Let g(l) = -l**3 + 7*l**2 - 4. Let r be g(6). Suppose 4*s + 1 = -5*u, -4*u + s + 4*s = -r. Calculate the remainder when 6 is divided by u.
0
Let m = -1899 - -1949. Calculate the remainder when 348 is divided by m.
48
Let a(o) = 3*o**2 - 7*o - 7. Calculate the remainder when 38 is divided by a(4).
12
Suppose 34*z - 1410 = 4*z. What is the remainder when z is divided by (-6)/4*(-40)/6?
7
Suppose 173 - 103 = 7*h. What is the remainder when 49 is divided by h?
9
Let v(t) = -t + 1. Let q = -649 + 666. Calculate the remainder when q is divided by v(-3).
1
Let g(u) = -u**2 + 9*u + 10. Let d be (-4)/(-24)*20*3. Let v be g(d). Suppose v = 2*c - 23 - 25. Calculate the remainder when c is divided by 9.
6
Let v(o) = 51*o**2 - 3*o - 12. What is the remainder when v(-2) is divided by 44?
22
Suppose 9 = -c + 4*h, -36*c - 34 = -40*c + 2*h. What is the remainder when c is divided by 9?
2
Let g(w) = 22*w - 13. Let y = -37 + 39. Calculate the remainder when 55 is divided by g(y).
24
Suppose 0 = -5*b + 5*s + 2285, b - 312 = 5*s + 137. Calculate the remainder when b is divided by 20.
19
Let z = 0 + 2. Suppose 23 = 4*j + 7, j = p - 4. Calculate the remainder when p is divided by z.
0
Let a(k) = k**2 - 2*k - 8. Let z(c) = -2*c + 1. Let i be z(15). Let s(l) = l**2 + 30*l + 38. Calculate the remainder when a(6) is divided by s(i).
7
Let c = 5 + 2. Suppose 6 = 3*m - m. Suppose -g = -m*g + 6. Calculate the remainder when c is divided by g.
1
Let w be 21/28*3 - (-1)/(-4). Suppose -w*t + 8 = 2*t, 2*t - 87 = -k. What is the remainder when k is divided by 14?
13
Let p = -381 - -581. What is the remainder when p is divided by 45?
20
Let f = 541 + 408. Calculate the remainder when f is divided by 7.
4
Let q = -185 + 363. What is the remainder when q is divided by 39?
22
Suppose -23*j = -280 - 272. Calculate the remainder when 2/(-3) + (-904)/(-24) is divid